*3/3 + 56*u - 5. Let j be 0*(0 - (-1)/(-2)). Let i be n(j). Calculate the greatest common factor of i and 8.
8
Let h = 19 - 6. Suppose 0 = 2*s - h + 1. Let m(y) = y**2 + 2*y - 3. Let q be m(-5). Calculate the greatest common factor of q and s.
6
Let v = -7 + 76. What is the highest common factor of v and 3?
3
Suppose 4*t = 8*t - 148. Suppose -t = -2*w - 13. Calculate the greatest common divisor of 3 and w.
3
Suppose 0 = 4*c - 31 - 37. Let q = -5 + c. Let g be 1 + -1 - q*-5. What is the greatest common factor of 12 and g?
12
Suppose -11*j - 3*j = -210. Let h be (-2 - 2) + 2 + -1. Let u(x) = -x**3 - 4*x**2 - 5*x - 3. Let c be u(h). Calculate the greatest common factor of c and j.
3
Let w be (1 + 1)*(-1 + 474/12). Calculate the greatest common factor of 22 and w.
11
Let z be (-2)/4*4 - -4. Suppose -1 + z = n. Let p be -22*n*(-1)/2. What is the greatest common divisor of 99 and p?
11
Let f = -21 - -36. Suppose 162 = 2*u + 42. Calculate the greatest common factor of f and u.
15
Let l(c) = c - 6. Let w be l(12). Let z = w - 4. What is the greatest common divisor of z and 22?
2
Suppose -2*j + 56 = -24. Suppose 3*m - 8*m + 75 = 0. Suppose 3*b + i - m = 0, -3*b + 5*i + 20 = b. Calculate the highest common factor of b and j.
5
Let q(h) be the second derivative of h**5/4 + 5*h**4/12 - 2*h**3/3 + 4*h. Let d be q(3). Calculate the highest common divisor of d and 21.
21
Let r(q) = q**3 - 25*q**2 + 27*q + 19. Let j be r(24). What is the highest common divisor of j and 13?
13
Let b(l) = 3*l + 0 + 1 + 1. Suppose -k + 2 = -2. Let s be b(k). Calculate the greatest common factor of s and 7.
7
Let g = 20 + 30. What is the greatest common factor of g and 10?
10
Suppose 0 = 5*g - 10. Suppose -g = -t + 2. Suppose t*s = 2*o + 40, -s - 5*o - 28 = -3*s. Calculate the highest common factor of 27 and s.
9
Let k be (-856)/(-11) - 16/(-88). Calculate the greatest common divisor of 195 and k.
39
Let g = -2 - -7. Suppose 2*l = z - g*z + 54, 5 = l. Calculate the highest common factor of z and 77.
11
Suppose -3*m = h - 1 - 1, -2*h - 2*m = -20. Let t be (2*1)/((-4)/(-14)). Calculate the highest common factor of h and t.
7
Let f be 7*(-1 - (-62)/14). Suppose 0 = i + 3*i - f. Calculate the greatest common factor of 48 and i.
6
Let s be 2388/21 + -2 - 4/(-14). What is the highest common divisor of 14 and s?
14
Let t = 0 - -8. Suppose -t = -i + 3. What is the highest common factor of i and 88?
11
Let w = 24 - 19. What is the highest common divisor of 15 and w?
5
Let l be (1 + -2)/((-1)/85). Calculate the highest common factor of 17 and l.
17
Suppose -4*x - 3*i = -8*i + 27, 0 = -2*x + i - 15. Let r be (16 + x)*(-1)/(-2). Calculate the greatest common factor of r and 4.
4
Let b be ((-4)/(-6))/((-4)/6). Let o = 4 + b. Suppose 0 = -o*m - 2*t + 67, 3*m - 6*m = -5*t - 53. Calculate the highest common divisor of 231 and m.
21
Let o be (-361)/(-11) + (-26)/(-143). Calculate the highest common divisor of 55 and o.
11
Suppose -12 = -s - 5. Calculate the highest common divisor of s and 77.
7
Let v = 16 - 11. What is the greatest common factor of v and 50?
5
Let t(f) be the third derivative of -2*f**4/3 - 2*f**3/3 + 2*f**2. Let w be t(-4). What is the greatest common divisor of w and 10?
10
Suppose 2*f = -51 + 71. What is the highest common factor of f and 10?
10
Suppose -2*m + 56 = -5*y, 2*m = 2*y + y + 48. Calculate the highest common factor of m and 54.
18
Let x be (-849)/(-24) + 6/(-16). What is the greatest common factor of 5 and x?
5
Suppose 41 = -2*f + 237. Let g be -4 - f*(-1)/2. What is the highest common divisor of 30 and g?
15
Suppose c - 15 = -2*f - 2*c, 0 = 3*c - 9. What is the highest common factor of f and 1?
1
Let f = -21 + 17. Let z be f/6 - 854/(-21). What is the greatest common divisor of z and 16?
8
Let c = 54 - 50. Calculate the greatest common factor of 12 and c.
4
Let f be 2 - ((0 - 15) + 1). Suppose 2*q - 5*a = 6, 0*a - 5*a - 30 = -5*q. Calculate the greatest common factor of f and q.
8
Let l = 3 + 4. Let h be 44/55 - 136/(-5). Calculate the greatest common divisor of l and h.
7
Let c(t) = -t**3 - 11*t**2 - 11*t + 2. Let o(d) = -11*d + 1. Let u be o(1). Let w be c(u). Calculate the highest common divisor of 18 and w.
6
Let k be 3 + (-2257)/(-11) + 4/(-22). Calculate the greatest common divisor of k and 16.
16
Let c(z) = -2*z**2 + 19*z - 14. Let f be c(8). Calculate the highest common divisor of 70 and f.
10
Let i(a) = 7*a**3 - a**2 + a - 9. Let n(y) = 3*y**3 - 4. Let s(w) = -2*i(w) + 5*n(w). Let z be s(-2). What is the highest common divisor of 4 and z?
2
Let o be (-4)/(-6) - (-23)/(-3). Let g = o - -18. Calculate the highest common divisor of 22 and g.
11
Suppose 72 = 5*o + 3*a, 7 - 39 = -4*o + 4*a. Suppose -3*y + 9 = 5*r, 2*r + o = 4*y + 3*r. Calculate the highest common divisor of 3 and y.
3
Suppose -2*r - 1 + 23 = 0. Let z be (-1 - -2)*(0 - -109). Let h = 208 - z. Calculate the greatest common divisor of h and r.
11
Let s(u) = u**3 + 8*u**2 - 11*u - 4. Let i be s(-9). Let k be (-3)/(6/(-4)) - 4. Let v be (-35)/((-3 - k) + 0). What is the highest common divisor of i and v?
7
Let b be (-188)/(-7) + (-9)/(-63). What is the highest common divisor of 18 and b?
9
Let t(s) be the first derivative of -7*s**3/3 + s**2/2 + 3*s - 4. Let z be t(3). Let l be (-2)/(-10) + z/(-15). What is the highest common factor of l and 1?
1
Suppose 8*j + 84 = 5*j. Let l be 54/4 + 14/j. What is the greatest common factor of l and 39?
13
Suppose 2*o + 12 - 76 = 0. Suppose -4*q = -t + 15, -2*q - 9 = t + 2*q. Suppose 0*g = -t*g + 240. What is the highest common factor of g and o?
16
Let j = -9 - -7. Let o be 12/6 - 80/j. Suppose -4*t + 18 + 1 = -5*r, 0 = -r + 1. What is the highest common divisor of o and t?
6
Let r = 56 - 39. What is the highest common factor of 136 and r?
17
Let l be -6*((-7)/2)/(-7). Let d be (-110)/(-4) - l/6. Calculate the greatest common divisor of d and 14.
14
Let j(i) be the first derivative of i**2/2 - i + 1. Let g be j(3). Let d be 0 - -2*(-2 + 3). What is the highest common factor of d and g?
2
Let t(d) = d**2 - d - 5. Let m be t(-10). Let o(n) = -n - 9. Let x be o(-6). Let v be 2/(-3) - 47/x. Calculate the highest common factor of v and m.
15
Let u = -115 - -55. Suppose -226 = 4*t + 134. Let j = u - t. Calculate the greatest common divisor of 75 and j.
15
Let s = -3 + 24. Calculate the highest common factor of 14 and s.
7
Suppose 5*u - 10 = -0. Calculate the highest common divisor of u and 12.
2
Let t = -9 + 14. What is the highest common divisor of 25 and t?
5
Let s(d) = d**2 - 7*d + 6. Suppose g + 34 = 4*j - 0*g, 4*j - 2*g = 36. Let t be s(j). Let a = -309 + 435. What is the greatest common factor of a and t?
14
Let a = -17 - -188. Let c(g) = -2*g**2 - 8*g. Let f be c(6). Let h = a + f. Calculate the highest common divisor of 34 and h.
17
Let u = 24 + -6. Suppose 0 = -2*x + 2*k - 0*k, -x + 16 = 3*k. Suppose 4*r = 4 + x. Calculate the greatest common factor of u and r.
2
Suppose -l = -11 + 2. Let b be (-36)/10*(-30)/l. What is the highest common factor of b and 6?
6
Let i(q) = -80*q**2 + 0 + 207*q**2 - 1. Let c be i(1). Suppose -4*h - 3*t + 70 = -5, t = -2*h + 37. What is the greatest common factor of c and h?
18
Let x = -4 + -1. Let i = x + 10. Suppose 4*d - 3*f = -f + 160, -i*f = -20. What is the highest common divisor of 6 and d?
6
Suppose f - 156 = -3*f. Let c = 31 + -18. Calculate the highest common factor of f and c.
13
Suppose -4*l + 7 = -185. Suppose -4*t - h = -l, -2*t = -3*h - 38 + 14. Suppose -2*n + n = -t. What is the highest common divisor of n and 30?
6
Let p(k) = k**3 - 2*k**2 - 2*k. Let u be p(2). Let o be (u/(-3))/(4/24). Let z = 32 - o. What is the highest common divisor of 6 and z?
6
Let y(t) = -14*t**3 - 2*t**2 - 5*t - 4. Let r be y(-1). Let f(b) = 2*b**3 - 2*b + 1. Let p be f(2). What is the highest common divisor of r and p?
13
Let c be (-4)/(-6) + (-620)/(-60). Suppose 4*w = 6*g - 3*g + 169, -4*g - 4*w = 216. Let m = 55 - g. Calculate the highest common factor of m and c.
11
Let r = -13 + 8. Let k = r - -7. Suppose -j - 2*m + 14 = 0, 3*j - k*m - 52 = 14. Calculate the highest common factor of j and 30.
10
Let j be (-5 - 2)*72/(-14). Calculate the greatest common factor of 9 and j.
9
Let x be 8/5*(5 - 0). Let o(l) = -l**3 + 2. Let h be o(0).